 3 - 16. What is the tens digit of x(u)?
8
Suppose 3*o = -2*k + 57 - 11, k = 2*o + 9. What is the units digit of k?
7
Let u be 69/18 - (-5)/30. What is the units digit of (u/(-2))/((-4)/168)?
4
Let w(g) = -g**3 - 6*g**2 + 7*g + 2. Let x be w(-7). Suppose 2*j - x*s - 266 = 0, 2*j - 4*s - s - 272 = 0. What is the hundreds digit of j?
1
Suppose 2*v + 8 = 4*v. Suppose 2*l = -10 + 2, 4*t - 2*l = -24. Let i = v - t. What is the units digit of i?
2
Suppose 2*i - 5*i + 1444 = -4*b, b = 3*i - 1441. What is the tens digit of i?
8
Let b = -6 - -8. Let u(t) = t**3 - t**2 - 2*t + 3. Let y be u(2). Suppose -3*d - 171 = -y*w, 0 = 4*w - 0*d + b*d - 210. What is the tens digit of w?
5
Suppose 0*o + 4*o + 20 = 0. Let z(b) = b**3 + 17*b**2 + 27*b - 32. Let h be z(-15). Let i = h + o. What is the units digit of i?
8
Let f(h) = h**2 + 5*h - 10. Let q be f(-7). Let u = -140 - -263. Suppose q*o - u = a, 66 = -5*o + 4*a + 206. What is the tens digit of o?
3
Let j(k) = 12*k**2 + 2*k - 37. What is the hundreds digit of j(6)?
4
Let p be (1261/26)/(2/4). Let w = p - 89. What is the units digit of w?
8
Let f = -2340 + 4218. What is the units digit of f?
8
Let h = -7 + 19. Let d be (7/21)/(1/h). Suppose 0*k = -d*k - w + 203, 4*w = -20. What is the tens digit of k?
5
Let h be (6/8)/(6/(-120)). What is the units digit of 912/90 + 2/h?
0
Suppose -2*s + 2 = 0, -12*k + 3*s - 942 = -15*k. What is the tens digit of k?
1
Let b(k) be the first derivative of -k**2/2 + 22*k - 6. What is the tens digit of b(8)?
1
Let g(n) be the first derivative of -n**4/4 + 3*n**3 - 6*n**2 + 16*n + 8. Let v be (16 - 15)/(1/7). What is the tens digit of g(v)?
3
Let m(f) = 70*f**2 - 3*f - 4. What is the hundreds digit of m(-3)?
6
Let r(w) = -w**2 + 12*w - 10. Let x = -55 - -66. What is the units digit of r(x)?
1
Suppose -148 = w - 40. What is the tens digit of (-3)/(-15) - w/10?
1
Suppose -2*i - 4*m = -282, -i - 54 + 199 = 3*m. Let p = 312 - i. What is the hundreds digit of p?
1
Let f(j) = j**3 + 2*j - 1. Let w be f(1). Suppose -w - 1 = -s. Suppose -s*m + 2*m = -15. What is the tens digit of m?
1
Suppose 4*f - i + 3*i - 4 = 0, 21 = 3*f - 3*i. Let u be (4/f)/((-6)/(-9)). What is the tens digit of (4 + -5)*(u - 22)?
2
Let k(v) be the second derivative of -3*v**5/20 - v**4/6 + v**3/3 - 5*v. Let s be k(-2). Suppose -2*c + s = -10. What is the tens digit of c?
1
Suppose 3*k - j + 5*j - 1601 = 0, -1595 = -3*k - j. What is the hundreds digit of k/(-6)*(-30)/9?
2
What is the units digit of (-8)/4 - 1/((-1)/127)?
5
Suppose 89 + 241 = 3*n. Suppose -4*x + n = -34. What is the tens digit of x?
3
Suppose k = n - 3*n + 183, 4*k = -3*n + 707. Suppose 2*j - k - 25 = 0. What is the units digit of j?
9
Suppose 2*x + 601 = -5*i, -2*x = -0*i - 2*i + 622. Let b = -124 - x. What is the units digit of b?
4
Let q be (-1*(-36)/4)/(6/(-4)). What is the tens digit of (-4)/q*2133/18?
7
Let w be (-2 - -5)*(-12)/(-3). Suppose 0*i - i - w = j, 2*i + 5*j + 9 = 0. Let s = -6 - i. What is the units digit of s?
1
Let r = -11 + 14. Suppose 2*q = -r*q + 5*w + 270, w + 254 = 5*q. What is the tens digit of q?
5
Let z = 2 - 0. Let v(k) = -k**3 - k - 13 - 10*k**z - 3*k - 2*k. What is the units digit of v(-10)?
7
Let p be -4 + (1 + -5 - -19*17). Suppose 2*d + 2*g - 7*g = p, 5*g = -2*d + 365. What is the tens digit of d?
7
Let z(q) = q**3 + 8*q**2 - 15. Let k be z(-8). Let i be ((-270)/k)/((-6)/(-4)). What is the units digit of ((-12)/(-9))/(i/378)?
2
Suppose -4*b = 4 - 16. Suppose -b*r = 2*o - 382, 4*r - 511 = -o - 0*o. What is the tens digit of r?
2
Let h = -49 - -58. Suppose h*q = -0*q + 1431. What is the tens digit of q?
5
Suppose j - 2*t = -21, -2*t = 2*j - 0*t + 24. Let x = j + 26. What is the tens digit of x?
1
Suppose -17 = -4*k + 5*n, -3*k + 2*n + 6 + 5 = 0. Suppose -140 = -k*c - c. What is the units digit of c?
5
Let z = 1233 + 1330. What is the tens digit of z?
6
Let v(b) = b**3 - 8*b**2 + 2*b - 5. Let r be v(8). Let c = r + -1. What is the tens digit of c?
1
Let x be 120/(0 + (-2)/(-3)). Suppose 8*d = 5*d + x. What is the units digit of d?
0
Suppose -6*a = -2*a - 1536. Suppose -4*i = -4*q - a, 0*q - 476 = -5*i + 4*q. Let c = i + -54. What is the units digit of c?
8
Let i be (-4)/3*(201/6 - -1). Let g = 32 - i. What is the units digit of g?
8
Suppose -10 + 22 = 4*v. Suppose -347 - 256 = -v*k. Suppose k = 4*t - 5*o, 0 = 4*t + 5*o - o - 228. What is the units digit of t?
4
Let r be 3*4/2*(-4 - -3). Let o(d) = 3*d**2 + 6*d - 5. What is the tens digit of o(r)?
6
Suppose -471 = -2*n + 5*g + 633, 5*n = 4*g + 2726. What is the units digit of n?
2
Let r(i) = 6*i**2 + 4*i - 82. What is the units digit of r(13)?
4
Let o be 176/6 - 3/9. Suppose h + o + 25 = 0. Let t = -31 - h. What is the tens digit of t?
2
Let u(d) = 178*d**2 - d. What is the tens digit of u(1)?
7
Let x = -6 + 9. Suppose x*s - 7*s + 372 = 0. Suppose f = -2*f + s. What is the tens digit of f?
3
Let x = 8 + -7. Let p(c) = 6*c**2 - 2*c**2 + c**2 + 0 + x. What is the units digit of p(1)?
6
Suppose -193 = -8*j - 25. What is the hundreds digit of (-25 + j)*151/(-4)?
1
Suppose 8*b = 3*b + 70. Suppose -b = -4*f - 2. Suppose 5*s + 19 = -0*c - 2*c, -c + 18 = -f*s. What is the units digit of c?
3
Suppose n = -5*d + 48, 5*d - 2*n - 54 = -0*n. Suppose -q - 3*k + 5 = -0*k, -2*k = q - d. Suppose 5*t = -4*i - 0*t + q, -3*t = 12. What is the units digit of i?
0
Let f = 63 + -37. What is the units digit of 0 + -3 + 5 + f?
8
Let r = -1518 - -5387. What is the tens digit of r?
6
Let q(f) = 6*f + 2. Let l be q(-4). Suppose -24*d + 20*d = -32. Let v = d - l. What is the units digit of v?
0
Suppose -a + 3*f = 7 + 1, 0 = -5*f + 25. Suppose -4*u - a = 3*t, -2*u + 9 = -0*u - t. Suppose 0*n = 2*n - u. What is the units digit of n?
1
Suppose -c = 4*a + 16, -c + 4 = -4*a + 3*a. What is the units digit of (-424)/a + 0 + 0?
6
What is the units digit of (-7 + 333/27)*1*6?
2
Let b = 7 + -2. Suppose 15 = -b*v + 2*v. Let p = v + 16. What is the units digit of p?
1
Let m(l) = 124*l - 700. What is the thousands digit of m(31)?
3
Suppose -g - p = -12 + 2, p = 4*g - 30. Suppose 0 = -g*z + 245 + 219. What is the units digit of z?
8
Let h = 317 + 716. What is the units digit of h?
3
Let s(l) = l**2 + 2*l + 3. Let m be s(-2). Suppose 6*i = 21*i + 150. What is the units digit of (25/i)/(m/(-12))?
0
Suppose -56*n - 14370 = -71*n. What is the hundreds digit of n?
9
Suppose 30 = -4*p + 9*p. Let c(v) = v**2 - 4*v + 2. What is the tens digit of c(p)?
1
Let t(b) be the third derivative of b**5/60 + b**4/6 - 2*b**3/3 - 8*b**2. Let s be t(6). What is the units digit of ((-80)/s)/(1/(-35))?
0
What is the hundreds digit of 892/4 + (5 - 3)?
2
Suppose 2*r + 8 = 6*r. Suppose 6*y = r*y. Suppose -2*p + n + 18 = -0*n, -5*p + n + 51 = y. What is the tens digit of p?
1
Suppose 3354 = 47*b - 98401. What is the hundreds digit of b?
1
Let k be 6/3 - (2 + 1). Let y be 1/((-1)/(-165)) + k. Suppose -r = -4*g + 3*r + y, -g + 66 = 4*r. What is the units digit of g?
6
What is the tens digit of (-10)/20 + (-7)/(56/(-10812))?
5
Suppose -12 = -2*l + 20. Suppose 1 + 25 = -2*b. Let y = l + b. What is the units digit of y?
3
Let t(x) = -3*x - 2 + 3*x + 2*x - 3*x. Let m be t(-6). What is the units digit of 6/24 - (-147)/m?
7
Suppose -t = -3*g + 2169, -3*g + 562 + 1607 = 2*t. What is the tens digit of g?
2
Suppose 8*m + 4008 = 12*m. What is the hundreds digit of m?
0
Let g(z) = -z**2 - z - 1. Let y be g(-1). Let v be y - (-2)/((-2)/(-15)). Let c = 19 - v. What is the units digit of c?
5
Let a = 19 + -31. Let h = a - -13. Let v(y) = 26*y**3 + y**2 - y. What is the tens digit of v(h)?
2
Let i(v) = v**3 - 17*v**2 + 17*v - 20. Suppose 0 = -78*m + 83*m - 85. What is the units digit of i(m)?
9
Suppose -62 = -2*a - 2*r, 2*r = 5 - 3. Let t = -28 + a. What is the units digit of t?
2
Let g(y) = 2*y**2 + 2*y + 34. Let n be g(12). Suppose -z + 104 = 4*s, -n = -5*z + 2*s + 196. What is the tens digit of z?
0
Let n(p) = -p**2 + p + 1. Let o(z) = -26*z**2 - 7*z - 6. Let l(h) = -2*n(h) - o(h). What is the tens digit of l(-3)?
4
Let q be -3 - 3/(-2)*(-10)/(-15). What is the tens digit of (-67 + 4)*q/2?
6
Let h(l) = 3*l**2 - 4*l + 18. What is the units digit of h(12)?
2
Let q be (-8)/(-5) - (-57)/(-95). Let d be (q*-2)/(3/6). What is the units digit of (-11*2)/(d/6)